) in base 7?
-2
What is -c (base 13) in base 15?
-c
85 (base 15) to base 4
1331
What is -16 (base 11) in base 7?
-23
ce (base 15) to base 6
522
Convert -2 (base 10) to base 4.
-2
65 (base 7) to base 2
101111
-4 (base 10) to base 7
-4
Convert 3 (base 6) to base 10.
3
What is 155 (base 12) in base 8?
321
-22 (base 11) to base 6
-40
Convert c3 (base 14) to base 2.
10101011
Convert 10 (base 8) to base 7.
11
Convert 24 (base 15) to base 5.
114
Convert -14 (base 5) to base 8.
-11
Convert -142 (base 6) to base 5.
-222
Convert 1 (base 5) to base 6.
1
-23 (base 7) to base 13
-14
Convert 1 (base 15) to base 6.
1
42 (base 5) to base 6
34
-f (base 16) to base 8
-17
What is 2022 (base 3) in base 7?
116
Convert 0 (base 16) to base 8.
0
What is 11 (base 3) in base 10?
4
2120 (base 4) to base 3
12122
What is -10 (base 14) in base 8?
-16
What is -17 (base 15) in base 8?
-26
-b (base 12) to base 3
-102
Convert 4b (base 16) to base 11.
69
What is -159 (base 15) in base 6?
-1233
What is -1 (base 13) in base 4?
-1
-2 (base 8) to base 4
-2
Convert 28 (base 12) to base 7.
44
-20 (base 9) to base 4
-102
-311 (base 4) to base 14
-3b
2a (base 11) to base 13
26
Convert 2 (base 7) to base 4.
2
-3 (base 16) to base 6
-3
What is -3 (base 16) in base 10?
-3
-3 (base 16) to base 5
-3
What is 135 (base 6) in base 11?
54
2 (base 9) to base 13
2
What is 11 (base 8) in base 2?
1001
2 (base 14) to base 13
2
Convert 1 (base 5) to base 2.
1
What is 1 (base 14) in base 16?
1
2 (base 13) to base 2
10
-3 (base 9) to base 14
-3
-17 (base 14) to base 11
-1a
What is 135 (base 6) in base 13?
47
What is -221 (base 6) in base 12?
-71
What is -12 (base 5) in base 14?
-7
0 (base 16) to base 14
0
What is -204 (base 5) in base 6?
-130
Convert 524 (base 6) to base 10.
196
Convert -2 (base 9) to base 11.
-2
13 (base 8) to base 15
b
Convert 2 (base 8) to base 15.
2
What is -7 (base 8) in base 16?
-7
Convert -10 (base 7) to base 13.
-7
-1 (base 4) to base 7
-1
-32 (base 10) to base 9
-35
What is 2 (base 7) in base 4?
2
20 (base 9) to base 7
24
Convert 35 (base 15) to base 10.
50
12 (base 6) to base 5
13
Convert 17 (base 16) to base 8.
27
What is 5 (base 11) in base 12?
5
Convert -1 (base 15) to base 2.
-1
What is d2 (base 14) in base 11?
158
What is -a (base 15) in base 10?
-10
What is 13 (base 7) in base 13?
a
Convert -6 (base 11) to base 8.
-6
What is -1 (base 5) in base 12?
-1
What is 4 (base 10) in base 14?
4
What is 252 (base 7) in base 16?
87
354 (base 9) to base 6
1204
Convert 0 (base 14) to base 10.
0
Convert 111 (base 4) to base 2.
10101
What is 21 (base 3) in base 12?
7
-211 (base 13) to base 5
-2402
-13 (base 9) to base 7
-15
Convert 11200 (base 3) to base 16.
7e
Convert -322 (base 4) to base 10.
-58
-162 (base 7) to base 5
-333
Convert 110 (base 2) to base 3.
20
Convert -1 (base 9) to base 13.
-1
What is 33 (base 6) in base 2?
10101
23 (base 9) to base 15
16
What is -3 (base 11) in base 14?
-3
5 (base 7) to base 10
5
Convert 10001 (base 2) to base 11.
16
Convert -113 (base 7) to base 13.
-47
1 (base 3) to base 14
1
What is -8 (base 13) in base 4?
-20
What is 1020 (base 5) in base 12?
b3
-203 (base 6) to base 8
-113
Convert -18 (base 9) to base 12.
-15
Convert -2 (base 3) to base 9.
-2
What is -2 (base 13) in base 2?
-10
What is 21 (base 10) in base 7?
30
Convert -3 (base 8) to base 13.
-3
-577 (base 8) to base 5
-3013
Convert 54 (base 6) to base 2.
100010
Convert -c (base 14) to base 11.
-11
4 (base 9) to base 3
11
ae (base 16) to base 5
1144
Convert -1 (base 5) to base 9.
-1
What is -1 (base 5) in base 12?
-1
What is -1 (base 15) in base 16?
-1
174 (base 9) to base 5
1043
-25 (base 13) to base 8
-37
Convert 3 (base 8) to base 9.
3
Convert 21 (base 5) to base 10.
11
What is -3 (base 15) in base 3?
-10
Convert -42 (base 12) to base 13.
-3b
What is 1100 (base 2) in base 11?
11
-3 (base 5) to base 11
-3
Convert -2 (base 6) to base 10.
-2
-4 (base 5) to base 7
-4
Convert -5 (base 6) to base 13.
-5
-10 (base 5) to base 7
-5
Convert -3 (base 7) to base 9.
-3
Convert 17 (base 12) to base 9.
21
104 (base 6) to base 4
220
Convert 23 (base 12) to base 7.
36
What is -401 (base 8) in base 13?
-16a
What is -24 (base 5) in base 7?
-20
Convert -5 (base 9) to base 12.
-5
Convert a (base 14) to base 8.
12
b (base 15) to base 13
b
What is 0 (base 6) in base 2?
0
-1100 (base 3) to base 11
-33
What is 7 (base 15) in base 2?
111
-21 (base 8) to base 7
-23
What is 11 (base 4) in base 2?
101
-1 (base 4) to base 14
-1
55 (base 7) to base 9
44
Convert -4 (base 5) to base 14.
-4
Convert -15 (base 10) to base 5.
-30
What is -d7 (base 16) in base 8?
-327
What is -2 (base 11) in base 14?
-2
What is -20 (base 3) in base 12?
-6
-1 (base 6) to base 12
-1
-2 (base 10) to base 9
-2
Convert 0 (base 10) to base 11.
0
Convert -220 (base 5) to base 2.
-111100
Convert 3 (base 11) to base 13.
3
-124 (base 13) to base 14
-103
2 (base 15) to base 13
2
What is 222 (base 3) in base 15?
1b
Convert 16 (base 14) to base 11.
19
What is -2 (base 9) in base 15?
-2
-21002 (base 3) to base 11
-164
Convert -363 (base 8) to base 14.
-135
What is 4 (base 6) in base 13?
4
8 (base 13) to base 7
11
Convert -1 (base 3) to base 15.
-1
What is -13 (base 13) in base 14?
-12
1c (base 13) to base 15
1a
What is -8 (base 10) in base 13?
-8
1 (base 6) to base 11
1
Convert -2 (base 8) to base 11.
-2
What is 55 (base 6) in base 9?
38
What is -10233 (base 4) in base 10?
-303
What is -54 (base 7) in base 12?
-33
What is 2 (base 4) in base 12?
2
-230 (base 5) to base 16
-41
Convert 2 (base 3) to base 8.
2
Convert 97 (base 11) to base 5.
411
Convert 13 (base 8) to base 13.
b
100001 (base 2) to base 14
25
What is 3 (base 9) in base 11?
3
Convert 8 (base 12) to base 10.
8
-2022 (base 4) to base 5
-1023
What is -7 (base 14) in base 16?
-7
Convert -36 (base 7) to base 13.
-21
Convert 16 (base 10) to base 13.
13
Convert 1 (base 11) to base 12.
1
-11010 (base 2) to base 16
-1a
What is -3 (base 10) in base 6?
-3
-256 (base 7) to base 4
-2023
Convert -a (base 16) to base 7.
-13
Convert -310 (base 6) to base 10.
-114
Convert 4 (base 9) to base 7.
4
Convert -4 (base 8) to base 14.
-4
12 (base 11) to base 15
d
25 (base 6) to base 11
16
What is -15a (base 15) in base 10?
-310
12 (base 8) to base 15
a
What is 32 (base 11) in base 5?
120
-1 (base 9) to base 6
-1
211 (base 11) to base 13
167
What is 425 (base 8) in base 11?
232
-41 (base 9) to base 5
-122
What is 11 (base 14) in base 2?
1111
Convert -25 (base 10) to base 3.
-221
10 (base 2) to base 8
2
Convert 405 (base 7) to base 10.
201
What is 0 (base 14) in base 12?
0
-13 (base 4) to base 3
-21
What is -2 (base 4) in base 8?
-2
-3 (base 14) to base 7
-3
Convert -1b (base 14) to base 7.
-34
0 (base 6) to base 11
0
Convert -2 (base 13) to base 15.
-2
What is 6e (base 15) in base 14?
76
-31 (base 4) to base 15
-d
What is -123 (base 4) in base 15?
-1c
Convert 70 (base 10) to base 9.
77
-234 (base 5) to base 4
-1011
What is 200 (base 5) in base 10?
50
What is 1001011 (base 2) in base 9?
83
What is 6e (base 16) in base 3?
11002
Convert 12 (base 16) to base 10.
18
What is 2 (base 5) in base 2?
10
-8 (base 9) to base 3
-22
What is 10 (base 4) in base 11?
4
What is -1121 (base 5) in base 9?
-188
What is -10 (base 15) in base 7?
-21
5 (base 16) to base 10
5
Convert 3 (base 10) to base 4.
3
What is -2 (base 14) in base 3?
-2
Convert -8 (base 15) to base 6.
-12
Convert 2 (base 9) to base 15.
2
What is -19 (base 15) in base 11?
-22
What is -1423 (base 6) in base 13?
-22b
Convert -1 (base 7) to base 6.
-1
What is -221 (base 7) in base 14?
-81
Convert 14 (base 5) to base 15.
9
-9 (base 13) to base 8
-11
Convert 1 (base 2) to base 16.
1
Convert 4 (base 14) to base 9.
4
-11 (base 3) to base 16
-4
What is -2 (base 13) in base 14?
-2
Convert -24 (base 13) to base 14.
-22
-162 (base 13) to base 5
-1444
-1 (base 3) to base 13
-1
Convert 5 (base 8) to base 5.
10
Convert -6 (base 16) to base 12.
-6
256 (base 8) to base 3
20110
What is 10011 (base 2) in base 11?
18
Convert 28 (base 12) to base 6.
52
Convert 143 (base 9) to base 6.
320
What is -3 (base 8) in base 3?
-10
What is -55 (base 13) in base 8?
-106
Convert -2201 (base 3) to base 11.
-67
What is 1055 (base 7) in base 15?
1a8
-1 (base 3) to base 10
-1
Convert 17 (base 11) to base 8